 t(g) = -g**3 - 3*g**2 + 3*g - 2. Let x(h) = -2*h**3 - 6*h**2 + 5*h - 4. Let b(m) = 5*t(m) - 2*x(m). Determine b(-4).
-6
Let p(f) be the third derivative of f**4/8 + 2*f**3/3 + 7*f**2. Let y = 26 - 14. Suppose 5*g + y = g. What is p(g)?
-5
Let w = 22 + -16. Let t(r) = r - 7. Give t(w).
-1
Let i(s) be the second derivative of -1/12*s**4 - 2*s**2 - 5/6*s**3 + 6*s + 0. Suppose -2*o + 2*z - 18 = 0, 2*z = -4*o - 15 + 3. Give i(o).
-4
Let h(y) be the second derivative of -y**3/6 + 3*y**2/2 + 7*y - 2. Suppose -3*p - 7 = -4*p. Give h(p).
-4
Let j(s) be the second derivative of s**3/6 + s**2/2 + 31*s. What is j(0)?
1
Let n(r) = -r**2 - 1. Let z = -3 - 2. Let u(p) = -p**3 + 5*p**2 + p + 5. Let s(o) = z*n(o) - u(o). Determine s(2).
6
Suppose 4*a = 0, -4*a - 1 - 1 = 2*k. Let j be ((-1)/k)/(3/(-6)). Let x(y) = -4*y - 2. Calculate x(j).
6
Suppose l - 4*h = 23 - 10, 0 = -2*l + 3*h + 16. Let y(m) = -m + 9. Calculate y(l).
4
Suppose 0 = -z + 5*z - 20. Let g(o) = -o**2 - 3 + 10*o - z*o + o. Give g(4).
5
Let w(s) = -3 + 10 - 8 + s**2 + 4*s. Give w(-5).
4
Let y = 4 + 1. Let g(r) = 5*r**2 - 7*r - 7. Let l(n) = 4*n**2 - 6*n - 6. Let b(i) = 3*g(i) - 4*l(i). Give b(y).
-7
Let h(x) = x - 1. Let a be ((-27)/(-12))/((-3)/(-16)). Let l be (0 - -1)/(2/a). Let m(t) = -t**3 + 6*t**2 + t - 6. Let r be m(l). Determine h(r).
-1
Let t(j) = 5*j**2 + 2*j + 12. Let k be (2 - 6)/((-3)/(-6)). Let r(v) = 3*v**2 + v + 8. Let i(o) = k*r(o) + 5*t(o). What is i(-3)?
-1
Let x(g) = -g**2 + 1. Let l be x(0). Let o(f) = 6*f + 176 - 89 - 88. What is o(l)?
5
Let h(w) be the second derivative of w**3/3 + 7*w**2/2 - 4*w. What is h(-7)?
-7
Let x be 0 + -1 + 1 - 1. Let a = -5 + 9. Let u = a + x. Let c(y) = -y**3 + 4*y**2 - 4*y + 2. Give c(u).
-1
Let d(k) = -k - 3. Suppose 5*i - 22 - 23 = 0. Let a(o) = -o**2 + 9*o - 3. Let b be a(i). What is d(b)?
0
Let k(x) = -x**2 - 5*x + 3. Let r(s) be the first derivative of -s**3/3 - 2*s**2 + 2*s + 3. Let u(j) = -4*k(j) + 5*r(j). Determine u(0).
-2
Let g(v) = 3*v**2 + 1. Suppose 0 = -3*t + 5*f + 17, 0*f + 3*f + 13 = -t. What is g(t)?
4
Let o(s) = -s + 2. Let n(c) = c**3 + 12*c**2 + 12*c + 14. Let b be n(-11). What is o(b)?
-1
Suppose -3*s + 4 + 11 = 0. Suppose 4*p - 9 = -3*j, 2*p = -s*j - 0*p + 29. Let a(u) = u + 2*u - 4*u - j*u - 1. What is a(-1)?
7
Let h(d) = -d**2 - 4*d. Let w be 58/18 - (-2)/(-18)*2. Calculate h(w).
-21
Let b(r) = 4*r + 14. Let z be b(-5). Let v(w) = -w**2 - 6*w + 1. What is v(z)?
1
Let s(a) = a**2 + 8*a + 6. Suppose 3*k + 13 = -5. Give s(k).
-6
Let i(v) = -v**2 + 10*v - 17. Let w be i(6). Let n(k) = k**2 - 6*k - 8. Determine n(w).
-1
Let v(r) = r**2. Let y(d) = -d**2 + 5*d - 6. Let s be y(4). Let h be (-2 - s) + (-3 - -2). What is v(h)?
1
Let c(x) = -73*x - 8. Let h be c(-7). Let p(n) = n**3 + 2 - h*n + 2*n**2 + n**2 + 500*n. What is p(-4)?
-2
Let j = -11 - -6. Let t(f) = 2*f**2 - 8*f + 1. Let p = -6 - -14. Let a(m) = 5*m**2 - 23*m + 2. Let b(w) = p*t(w) - 3*a(w). Give b(j).
2
Let z(j) = 5 + j**3 - 3*j - 15 - 8*j + 9*j**2. Let u be z(-10). Let o(g) = -g**2 + g. Let a(m) = 7*m**2 - 5*m - 3. Let p(k) = a(k) + 6*o(k). What is p(u)?
-3
Let c(x) = -2 - 1 - 4*x - 3 + x**2 + 2. What is c(5)?
1
Let o(k) = 7*k - 1. Let a(j) = -3*j + 1. Let m(s) = 5*a(s) + 2*o(s). Determine m(8).
-5
Suppose -4*q + q = -3*r + 45, q - 2*r + 20 = 0. Let w be q*(-2)/(-12)*-12. Let j = 14 - w. Let y(x) = x**3 + 6*x**2 - 2. Determine y(j).
-2
Let o(q) = 2*q**2 - 4*q + 3. Let h(i) = i - 1. Let x be (1 - 3)*6/4. Let c(y) = x*h(y) - o(y). Give c(2).
-6
Let l(j) = -3*j**2 - j - 4. Let q(p) = -2*p**2 - p - 2. Let u(b) = -3*l(b) + 5*q(b). Let m be (10/4)/((-1)/2). Let n be 2*(-3)/(-6) + m. Calculate u(n).
-6
Let f be (-84)/(-35) - (-2)/(-5). Let l(z) = -3*z + 2*z + f*z + 2. Let y be 30/(-7) + (-4)/(-14). Calculate l(y).
-2
Let h(q) = -3*q**2 - q. Let k(n) = -5*n**2 - 3*n. Let t = 14 - 7. Let w be 12/(-7) - 2/t. Let a(r) = w*k(r) + 5*h(r). Determine a(1).
-4
Let o(b) = b - 2. Suppose 3*y = 2*h + h + 3, 0 = -2*h - y - 8. Determine o(h).
-5
Let d(k) = -3*k**2 - 4*k - 5. Let z(r) = r**2 - r + 1. Let i = -4 + 6. Let t(b) = i*z(b) + d(b). Let x be t(-4). Let u(w) = w + 1. Determine u(x).
6
Suppose -c + 5*w = 10 - 36, 0 = -4*c + 3*w + 19. Let v(k) = -40 - 43 + 3*k**2 + 82. Calculate v(c).
2
Let j(h) = 16 + 186*h + 184*h - 371*h. Calculate j(8).
8
Let y(d) = 1 - 12*d + 0 + 6*d. Give y(-2).
13
Let d(q) = -6*q**3 - 3*q + 2. Let u be d(1). Let s(n) = n**3 + 7*n**2 - 5*n - 11. Let k(t) = t**3 + 8*t**2 - 6*t - 12. Let l(g) = u*s(g) + 6*k(g). Give l(0).
5
Let h = 30 + -29. Let p(d) = 12*d**2 + d - 1. What is p(h)?
12
Let r(s) be the second derivative of -s**6/360 - s**4/8 + 2*s**3/3 - s. Let k(l) be the second derivative of r(l). Determine k(0).
-3
Suppose 0 = -2*w + 8*w - 24. Let d = -4 - -6. Let i(g) = d*g**2 - 3*g**2 - g**2 - 2*g - w*g. Give i(-4).
-8
Let m(c) = c**3 + 5*c**2 - 5*c - 1. Suppose 3*f = 2*f - 2*b - 4, 4*f - 4*b + 28 = 0. Give m(f).
-7
Let m(u) = -2*u**2 + 2*u - 3. Let w(g) = g**3 + 7*g**2 - 6*g + 10. Let t(z) = -7*m(z) - 2*w(z). Calculate t(1).
-3
Let q(l) = 6*l - 4*l - 5*l + l**2 + 1. Let r = -34 - -56. Let m = r + -17. Give q(m).
11
Let r(u) = -u**2 + 8. Let x(o) = o**2 + 8*o - 7. Let j be x(-9). Suppose j*t = t. What is r(t)?
8
Let f(q) = 4*q - 2 - 14*q - 2 + 9*q. Let o(n) = n - 1. Let i = 0 + 6. Let p be o(i). Calculate f(p).
-9
Let k(o) be the third derivative of -o**6/60 + o**3/6 + 32*o**2 - o. Calculate k(1).
-1
Let t be 2 + (0 - -1) - 6/2. Let l(i) = i**3 - i - 8. Calculate l(t).
-8
Let z(r) = -r - 6. Let d be z(-4). Let l(n) = -2*n**2 - 3*n - 3. What is l(d)?
-5
Let d(l) = 8*l**3 + 11*l**2 - l + 3. Let z(w) = -7*w**3 - 10*w**2 + w - 2. Let s(x) = -6*d(x) - 7*z(x). Give s(-3).
8
Let j(d) be the second derivative of 3/2*d**2 + 0 - 1/3*d**3 + d. Suppose -10 = -5*m + 10. Calculate j(m).
-5
Let y(l) be the third derivative of -l**6/720 - l**5/24 - 5*l**4/24 - 4*l**2. Let u(a) be the second derivative of y(a). Give u(-4).
-1
Let k(j) = 2*j. Suppose -4*r - 3*o = -9, -o = -4*o - 3. Suppose 0 = r*l - 2*l - 3. What is k(l)?
6
Let j(o) be the third derivative of o**5/60 - o**3/2 - o**2. Let r be (-1 - -3)/2*3. Suppose 4*f = r*f. Calculate j(f).
-3
Let m be (-18)/3*3/6. Let d(z) = -z**3 - 5*z**2 + 2*z + 4. Give d(m).
-20
Let a(n) = n**3 + n**2 + 1. Let u(h) be the second derivative of -h**3/6 - 9*h**2/2 + 2*h. Let g be u(-7). What is a(g)?
-3
Suppose 0 = -3*r - 7 - 5. Suppose -2*y + y = -3. Let v(p) = 1 + 4 + p**2 + 3*p - y. Calculate v(r).
6
Let u(c) = -c + 3. Let z be u(2). Let t(j) = -7*j**2 + j - 7. Let x(g) = 8*g**2 - g + 8. Let l(v) = 7*t(v) + 6*x(v). Give l(z).
-1
Let i(k) = k**2 - 1. Let u(j) = -5*j**2 - 4*j - 1. Let m(t) = 4*i(t) + u(t). Give m(-5).
-10
Let w be 18/(-63) - (-30)/7. Let j(u) = u**3 - 4*u**2 + 2. Give j(w).
2
Let x(n) = n**2 - n - 1. Let b(l) = -4*l**2 + 7*l + 1. Let w(f) = b(f) + 5*x(f). Let d be w(-4). Let m(u) = u**2 - u - 5. Calculate m(d).
7
Let b(y) be the first derivative of -y**4/4 + y**3/3 + 3*y**2/2 - 3*y - 2. Let n = 6 - 3. Suppose n*x + x = 8. Give b(x).
-1
Let z be (0 - 0)*2/(-4). Suppose f = -z*f. Let r(u) = f*u**2 + 2 - u**2 + 4*u**2 + 6*u - 4*u**2. Calculate r(5).
7
Let z(o) = 1 - o + 5 + 1. Suppose -2*k + 0 = -h - 24, -46 = -3*k - h. Suppose -20 = -5*g - p, -5*g + 5*p + k = -36. Calculate z(g).
2
Suppose -22 = 3*i - 67. Let b be (-3 - 0)*(-5)/i. Let m(o) = -2 + b + 0 + o. Calculate m(-4).
-5
Suppose 0 = -2*j - 3*y - 6 - 13, -2*j + 1 = -y. Let o(s) = 2*s + 3. What is o(j)?
-1
Suppose -p + 4*p = 9. Let f(b) be the third derivative of -b**6/120 + b**5/20 - b**4/24 + b**3/6 + 23*b**2. Calculate f(p).
-2
Let t(y) be the first derivative of -y**2/2 + y + 8. Determine t(0).
1
Let d(i) = i**3 - 4*i**2 - 3*i + 5. Let t = -38 + 42. Give d(t).
-7
Let d(i) = -i**3 + 7*i**2 + 8. Suppose -12*l = -15*l + 21. Calculate d(l).
8
Let f(q) be the third derivative of q**5/30 + q**4/8 + q**3/6 - 3*q**2. Give f(-2).
3
Let r(p) be the third derivative of p**6/120 + p**5/15 + p**4/24 + 2*p**3/3 - 27*p**2. Determine r(-4).
0
Suppose 3*o - 150 = -2*o. Suppose h - 6*h + 5*g + o = 0, -g = 4*h + 1. Suppose -9 = -5*y + h. Let q(a) = -2*a**3 + 2*a**2 + a. Determine q(y).
-6
Suppose -2*i = -5*v + 51, -4*v + i = v - 48. Suppose 0 = 2*g + a - 6, -3*g + a + v = 2*a. 